the hundreds digit of 2945?
9
What is the thousands digit of 1720?
1
What is the thousands digit of 2433?
2
What is the hundreds digit of 28704?
7
What is the units digit of 1151?
1
What is the units digit of 91561?
1
What is the hundreds digit of 5677?
6
What is the hundreds digit of 820?
8
What is the units digit of 668?
8
What is the units digit of 171117?
7
What is the hundreds digit of 9414?
4
What is the units digit of 669?
9
What is the tens digit of 38441?
4
What is the units digit of 3157?
7
What is the units digit of 30594?
4
What is the thousands digit of 50474?
0
What is the tens digit of 648?
4
What is the tens digit of 998?
9
What is the thousands digit of 7044?
7
What is the thousands digit of 1272?
1
What is the tens digit of 76476?
7
What is the tens digit of 10848?
4
What is the tens digit of 10042?
4
What is the tens digit of 1105?
0
What is the tens digit of 2407?
0
What is the tens digit of 419?
1
What is the units digit of 377?
7
What is the tens digit of 21156?
5
What is the units digit of 22770?
0
What is the tens digit of 2335?
3
What is the units digit of 4766?
6
What is the tens digit of 45769?
6
What is the hundreds digit of 469?
4
What is the tens digit of 42080?
8
What is the units digit of 12181?
1
What is the thousands digit of 1690?
1
What is the thousands digit of 80557?
0
What is the units digit of 33065?
5
What is the hundreds digit of 9346?
3
What is the tens digit of 5557?
5
What is the thousands digit of 2485?
2
What is the tens digit of 6455?
5
What is the hundreds digit of 11432?
4
What is the thousands digit of 19117?
9
What is the units digit of 122?
2
What is the units digit of 410?
0
What is the hundreds digit of 1871?
8
What is the tens digit of 815?
1
What is the units digit of 3301?
1
What is the tens digit of 51763?
6
What is the thousands digit of 1069?
1
What is the tens digit of 548?
4
What is the tens digit of 4601?
0
What is the tens digit of 27?
2
What is the units digit of 1988?
8
What is the tens digit of 1575?
7
What is the hundreds digit of 40892?
8
What is the tens digit of 5671?
7
What is the hundreds digit of 203?
2
What is the tens digit of 182?
8
What is the tens digit of 50581?
8
What is the tens digit of 43247?
4
What is the tens digit of 2552?
5
What is the tens digit of 1484?
8
What is the thousands digit of 37713?
7
What is the hundreds digit of 3287?
2
What is the thousands digit of 1313?
1
What is the thousands digit of 81450?
1
What is the tens digit of 780?
8
What is the ten thousands digit of 30566?
3
What is the units digit of 923?
3
What is the tens digit of 8306?
0
What is the tens digit of 73929?
2
What is the tens digit of 296?
9
What is the ten thousands digit of 20343?
2
What is the hundreds digit of 804?
8
What is the units digit of 35801?
1
What is the hundreds digit of 5646?
6
What is the ten thousands digit of 21847?
2
What is the units digit of 7531?
1
What is the hundreds digit of 2393?
3
What is the tens digit of 5829?
2
What is the units digit of 8272?
2
What is the ten thousands digit of 25395?
2
What is the thousands digit of 18387?
8
What is the tens digit of 7988?
8
What is the units digit of 11935?
5
What is the hundreds digit of 2023?
0
What is the hundreds digit of 23662?
6
What is the units digit of 4211?
1
What is the thousands digit of 18341?
8
What is the hundreds digit of 126103?
1
What is the units digit of 41840?
0
What is the hundreds digit of 295?
2
What is the hundreds digit of 3970?
9
What is the hundreds digit of 12046?
0
What is the ten thousands digit of 18712?
1
What is the units digit of 131476?
6
What is the tens digit of 3618?
1
What is the hundreds digit of 2569?
5
What is the tens digit of 2208?
0
What is the hundreds digit of 1367?
3
What is the units digit of 2941?
1
What is the units digit of 74?
4
What is the hundreds digit of 80992?
9
What is the hundreds digit of 1838?
8
What is the hundred thousands digit of 113181?
1
What is the tens digit of 8251?
5
What is the ten thousands digit of 72443?
7
What is the tens digit of 200?
0
What is the ten thousands digit of 14721?
1
What is the thousands digit of 29826?
9
What is the hundreds digit of 38902?
9
What is the units digit of 3401?
1
What is the units digit of 2332?
2
What is the units digit of 588?
8
What is the hundreds digit of 8672?
6
What is the units digit of 4819?
9
What is the tens digit of 1042?
4
What is the tens digit of 7618?
1
What is the thousands digit of 2676?
2
What is the units digit of 12235?
5
What is the units digit of 14247?
7
What is the thousands digit of 72183?
2
What is the thousands digit of 59394?
9
What is the hundreds digit of 3874?
8
What is the tens digit of 632?
3
What is the units digit of 4254?
4
What is the ten thousands digit of 69457?
6
What is the thousands digit of 29423?
9
What is the tens digit of 632?
3
What is the hundreds digit of 49353?
3
What is the tens digit of 368?
6
What is the tens digit of 1206?
0
What is the units digit of 490?
0
What is the units digit of 6978?
8
What is the tens digit of 6004?
0
What is the units digit of 1027?
7
What is the tens digit of 4227?
2
What is the units digit of 2?
2
What is the hundreds digit of 173283?
2
What is the thousands digit of 19458?
9
What is the units digit of 30679?
9
What is the thousands digit of 1137?
1
What is the hundreds digit of 666?
6
What is the tens digit of 10537?
3
What is the hundred thousands digit of 114405?
1
What is the hundreds digit of 249?
2
What is the thousands digit of 1697?
1
What is the thousands digit of 9737?
9
What is the tens digit of 560?
6
What is the tens digit of 2521?
2
What is the units digit of 777?
7
What is the tens digit of 3655?
5
What is the units digit of 23973?
3
What is the tens digit of 690?
9
What is the units digit of 195320?
0
What is the hundreds digit of 3448?
4
What is the tens digit of 21376?
7
What is the units digit of 2156?
6
What is the units digit of 9097?
7
What is the tens digit of 208?
0
What is the thousands digit of 8067?
8
What is the ten thousands digit of 12739?
1
What is the thousands digit of 76397?
6
What is the ten thousands digit of 34933?
3
What is the hundred thousands digit of 136441?
1
What is the units digit of 1858?
8
What is the hundreds digit of 898?
8
What is the thousands digit of 10771?
0
What is the tens digit of 90?
9
What is the hundreds digit of 1584?
5
What is the hundreds digit of 1153?
1
What is the units digit of 31753?
3
What is the units digit of 3657?
7
What is the tens digit of 47795?
9
What is the hundreds digit of 18732?
7
What is the tens digit of 553?
5
What is the tens digit of 56769?
6
What is the units digit of 93138?
8
What is the thousands digit of 4509?
4
What is the hundred thousands digit of 104555?
1
What is the units digit of 2052?
2
What is the thousands digit of 2490?
2
What is the ten thousands digit of 100815?
0
What is the units digit of 823?
3
What is the units digit of 8273?
3
What is the units digit of 19311?
1
What is the units digit of 70082?
2
What is the tens digit of 28597?
9
What is the hundreds digit of 537?
5
What is the hundreds digit of 1209?
2
What is the hundreds digit of 11417?
4
What is the tens digit of 54155?
5
What is the thousands digit of 3184?
3
What is the units digit of 65375?
5
What is the units digit of 63863?
3
What is the thousands digit of 21138?
1
What is the tens digit of 56753?
5
What is the tens digit of 519?
1
What is the thousands digit of 4194?
4
What is the hundreds digit of 17968?
9
What is the tens digit of 966?
6
What is the hundreds digit of 76771?
7
What is the tens digit of 456?
5
What is the thousands digit of 24907?
4
What is the tens digit of 11620?
2
What is the thousands digit of 8305?
8
What is the thousands digit of 30815?
0
What is the tens digit of 214?
1
What is the tens digit of 9454?
5
What is the ten thousands digit of 32800?
3
What is the units digit of 97165?
5
What is the units digit of 81379?
9
What is the ten thousands digit of 19228?
1
What is the units digit of 12056?
6
What is the units digit of 398?
8
What is the units digit of 5083?
3
What is the ten thousands digit of 25493?
2
What is the thousands digit of 6257?
6
What is the tens digit of 3737?
3
What is the tens digit of 1032?
3
What is the unit